 d. What is the hundreds digit of m?
1
Suppose -5*a + 113 = 2*y - 0*y, 0 = -5*a + y + 101. Suppose 4*s = 5*h + 91, -4*h + 7*h = -9. Suppose -m + s = -a. What is the tens digit of m?
4
Suppose 4580 = -9*i + 26297. What is the thousands digit of i?
2
Suppose 0 = -4*v + 2 + 14. Suppose -14 = -v*i + 3*i. What is the units digit of i?
4
Suppose 0 = d + 4*j - 15, 0 = 6*j - j - 20. Let y be (-33)/(2 + -4 - d). Let q = -15 + y. What is the units digit of q?
8
Suppose -18 = 6*n - 36. Suppose -5*o + 720 = n*o. What is the tens digit of o?
9
Let p(g) = g + 17. Let x be p(-13). Suppose -3*m + x*m = 0. What is the units digit of 4/(m + 4) + 46?
7
Let z = -61 + 40. Let p = -13 - z. Suppose 0 = -v + 2*v - p. What is the units digit of v?
8
Suppose 3*i = -d + 576, 0 = d + i - 959 + 373. What is the units digit of d?
1
Let s = 990 - -4101. What is the thousands digit of s?
5
Let y be (-6)/27 - 48/27. Let q be 0 + 2 + 3 + y. Suppose 15 = q*c + 3. What is the units digit of c?
4
What is the tens digit of 429 - -8 - (4 - -1 - 1)?
3
Let s be (-80)/20 - (1 + -8). Let n(b) = 3*b**2 + 8. What is the tens digit of n(s)?
3
Let c = -22 + 313. What is the units digit of c?
1
Let q(r) = -r**2 - 10*r - 6. Let s be q(-9). Let u(n) = 5*n - n**3 + 5*n**2 - s*n + 2 - n. What is the units digit of u(5)?
7
Let g(r) be the first derivative of 3*r**2/2 + r - 16. Let i = 5 + -3. What is the units digit of g(i)?
7
Let d(h) = -h**3 - 10*h**2 + 6*h - 4. Let q = -19 + 9. Let x be d(q). Let y = -42 - x. What is the units digit of y?
2
Suppose -2*d - 139 + 29 = 0. Let j = 70 + d. What is the tens digit of j?
1
Let n(f) = -19*f - 78. Let x be n(-5). Suppose -x = 3*z - 20, -i - z = -298. What is the hundreds digit of i?
2
Suppose 3*y - 136 - 344 = 0. Suppose -y - 188 = -3*r. What is the tens digit of r?
1
Let l(f) = -267*f - 359. What is the hundreds digit of l(-21)?
2
Suppose -5*k = 2*h - 4*h + 285, -3*k = h - 148. Let x = -72 + h. Let f = -44 + x. What is the units digit of f?
9
Let q(u) = -7*u**3 - u - 1. Let z be q(3). Let w = 275 + z. Suppose 0 = 3*d - 3*h - 93, h - w = -5*d + 73. What is the tens digit of d?
3
Let p(y) = -y**3 - 20*y**2 + 23*y + 27. Let l be p(-21). Let r = 15 + l. Suppose -4*q + 5*k = -r*k - 24, 3*q - 15 = 3*k. What is the units digit of q?
1
Let y = 87 - -495. What is the tens digit of y?
8
Suppose 0 = -3*z - 2*z + 765. What is the units digit of z?
3
Let w = 869 + -526. What is the hundreds digit of w?
3
Let m = -52 + 55. Suppose 0*z - m*z - 4*t + 191 = 0, 5*t = -5. What is the tens digit of z?
6
Let s(p) = 752*p + 96. What is the hundreds digit of s(4)?
1
Let z = 8 - 8. Suppose -a = -2*w - 5, 5*a + w + 3*w - 25 = z. Suppose 4*h - 102 = a*f + 148, f + 63 = h. What is the tens digit of h?
6
Let o = 741 - 204. What is the hundreds digit of o?
5
Suppose 4*l + 4596 = k + 2*k, -15 = 5*l. What is the tens digit of k?
2
What is the tens digit of (-65)/15 - -4 - (-10830)/9?
0
Suppose -3*w = -5*w + 1424. What is the tens digit of w?
1
Suppose 5*y - 18 - 2 = 0. Suppose -4*g = -y, i + i + 42 = -2*g. Let z = i - -42. What is the tens digit of z?
2
Let l(x) = 2*x**2 + 8*x - 27. Let a be l(-8). Suppose a = -4*p - 4*z + 517, -p + 2*z + 105 = 0. What is the tens digit of p?
1
Let s be (-85)/2*6/(-15). What is the tens digit of s - (2 - 5/(-5))?
1
Suppose 2*t + 4*x - 10 = 0, 2*x = -3*x. What is the units digit of 3843/45 + (-2)/t?
5
Let t = -3252 - -6998. What is the thousands digit of t?
3
Let f(v) = 22*v + 8. Let d be f(2). Suppose 0 = -4*s + d + 112. What is the tens digit of s?
4
What is the hundreds digit of 535 - ((0/(-6))/1 + -2)?
5
Let y be (3/6)/(2/12). Suppose y*j - 5*j + 16 = 0. Suppose j*a - 590 = -126. What is the tens digit of a?
5
Let o(s) = 2*s**2 - 17*s - 41. What is the hundreds digit of o(-9)?
2
Let c(m) = -m**2 - 3*m**3 + 9*m**2 - 4*m**2 + 5*m**3 - 5*m - 1. What is the units digit of c(3)?
4
Let o = 736 - 387. What is the hundreds digit of o?
3
Let c(h) = 62*h - 2. Suppose -5*f - 20 = -f, 0 = -q + 4*f + 21. Let b be c(q). Let z = 89 - b. What is the units digit of z?
9
Let s be (31 + -1)*4/10. Let v(r) = -r**3 + 14*r**2 - 12*r - 32. What is the units digit of v(s)?
2
Suppose k = -o + 733, 3*o = 6*o + k - 2207. What is the hundreds digit of o?
7
Suppose 0 = -27*l + 45*l - 6588. What is the hundreds digit of l?
3
Let u(q) = 3*q - 8. Let m be u(4). Suppose -m*l = -3*f + 44, -5*f + 82 = 3*l - l. Suppose 3*i - f = -5*a, 4*a - 3 - 1 = 2*i. What is the units digit of i?
2
Let v be 4 + ((-12)/4 - 5). Let p be (2/v)/(3/(-6)). Let m(k) = 10*k**3 + k**2 - k + 1. What is the tens digit of m(p)?
1
Let t be (-1892)/(-8) - (-2)/(-4). Suppose 0 = 3*z - 34 - t. What is the units digit of z?
0
Let p = 279 + -180. What is the units digit of ((-4)/(-2))/(1 - 93/p)?
3
Let j(v) = 8*v**2 + 7*v - 23. What is the hundreds digit of j(7)?
4
Let i(q) = -q**2 - 9*q - 5. Let l be i(-7). Let m = l - 7. Let o = m - -33. What is the tens digit of o?
3
What is the tens digit of (3 - 14)*2365/(-43)?
0
Let d(z) = 37*z**2 + 44*z - 10. What is the units digit of d(5)?
5
Suppose 0 = w + 2*f + 3, 3*w + 2*f - 24 = 7*f. Let r(i) = i**w + 48 - i - 23*i**2 + 23*i**2 + 15. What is the tens digit of r(0)?
6
Let s = 4 - 4. Suppose c = -s*c. Suppose -6*b + 2*b + 124 = c. What is the units digit of b?
1
Let y(i) = -3*i + 26. Let j be y(6). Let w(v) be the third derivative of v**5/60 - v**4/6 + 7*v**3/6 + v**2. What is the tens digit of w(j)?
3
Let z(n) = 337*n - 9. What is the units digit of z(9)?
4
Let o(c) = 37*c - 88. What is the hundreds digit of o(7)?
1
Let y(m) = -m**2 + 31*m - 171. Let t be y(7). Let a(g) = -18*g + 9. Let j(p) = -35*p + 17. Let u(r) = -5*a(r) + 3*j(r). What is the units digit of u(t)?
1
Let t(l) = 2*l**2 + 27*l - 22. What is the hundreds digit of t(-23)?
4
Let t(a) = 2*a**2 + 8*a - 6. Suppose -3*d + 7*d = -20. Let j be t(d). Suppose 5*m = -j + 129. What is the tens digit of m?
2
Suppose 48*a - 42*a = 25920. What is the units digit of a?
0
Suppose -8*q - 2427 = -11*q - 5*j, 0 = -5*j. What is the tens digit of q?
0
Let m(q) = 50*q**2 + 6*q - 1. What is the hundreds digit of m(4)?
8
Suppose v + 0 = 45. Let j = -8 + v. What is the units digit of j?
7
Suppose 2*f = 5*f - 21. Suppose -3*j + f - 1 = 0. Suppose -81 = -j*m - m. What is the units digit of m?
7
Suppose -4*r + 0*r = -24. Suppose 2*h + 0 + r = 0. What is the tens digit of (-7 - h)/((-5)/50)?
4
Let g(h) = h**3 + 12*h**2 + 11*h - 15. Let j be g(-11). Let c = -13 - j. Suppose c + 1 = -m, m = -4*u + 49. What is the units digit of u?
3
Let g(q) = 17*q + 18 - 106 + 32. What is the tens digit of g(8)?
8
Suppose 124*g - 118*g = 4110. What is the hundreds digit of g?
6
Suppose 8*p + 5*r = 9*p - 1106, r = 2*p - 2230. What is the hundreds digit of p?
1
Let c be 2 - 1/((-2)/380). Suppose -2*r + c = -142. What is the tens digit of r?
6
Let m = -1519 - -2243. What is the hundreds digit of m?
7
Let d be 0/1 - (-3 + 1). Suppose -8 = 5*j + d, -920 = -5*m + 5*j. What is the tens digit of m?
8
Let r be (33/3)/1 - -2. Let j = r - 27. What is the tens digit of 20/(-14)*j/2?
1
Let f be (-6)/(272/(-140) - -2). Let a = f + 147. What is the tens digit of a?
4
Let o be (-1)/(-4) - (10026/24)/(-1). Suppose -3*p - 49 = -o. What is the units digit of p?
3
Let v = 25 - 20. Suppose v*f = t - 115, -505 + 45 = -4*t - f. What is the tens digit of t?
1
Suppose -198 = 7*a - 3663. What is the units digit of a?
5
Suppose 0 = -4*r - 2*i + 18, 0 = -2*r - 3*i - 6 + 17. Suppose 5*o - 595 = q + 772, 0 = -r*o - 2*q + 1102. What is the hundreds digit of o?
2
Let g = -72 + 126. Let u = g - 29. Let k = -8 + u. What is the tens digit of k?
1
Suppose -z = 2*c + 3*c - 6, -3*c + 1 = -2*z. Let d = 11 + c. What is the tens digit of d?
1
Suppose 0 = 38*q - 45491 - 7823. What is the units digit of q?
3
Let t(g) = -g**2 - 16*g - 2. Let l(r) be the first derivative of -r**4/4 - 2*r**3 - 3*r**2/2 - 3*r + 2. Let a be l(-5). What is the units digit of t(a)?
7
Let z be (-3 + 2)/(2/(-8)). Suppose -3*s + 4 = z*l - 1, -7 = -l + 5*s. What is the tens digit of 25 + (-1 - 1) + l?
2
Let l = 9 - 9. Suppose l = -4*a + a + 6. What is the tens digit of 2 + (42 - (a - 2))?
4
Let y be 9/15 + 114/10. Suppose -y*x + 14*x = 22. What is the units digit of x?
1
Suppose -2*s - 340 = -3*z, 2*z - 61 = 3*s +